
1
What is the ten thousands digit of 198927721?
2
What is the ten thousands digit of 2368629632?
2
What is the tens digit of 19294825?
2
What is the thousands digit of 2818299492?
9
What is the ten thousands digit of 79489756?
8
What is the millions digit of 280310333?
0
What is the thousands digit of 5135194206?
4
What is the hundreds digit of 59989045?
0
What is the hundred thousands digit of 25940482?
9
What is the ten thousands digit of 35907207?
0
What is the hundred millions digit of 1337579517?
3
What is the ten millions digit of 606166711?
0
What is the millions digit of 63937250?
3
What is the hundreds digit of 128563233?
2
What is the ten thousands digit of 549644683?
4
What is the tens digit of 6209594349?
4
What is the tens digit of 32386075?
7
What is the hundred millions digit of 586002029?
5
What is the ten thousands digit of 77343429?
4
What is the ten thousands digit of 72317491?
1
What is the tens digit of 151413349?
4
What is the ten thousands digit of 51818232?
1
What is the hundreds digit of 102522724?
7
What is the hundred millions digit of 151952805?
1
What is the millions digit of 2158989938?
8
What is the ten thousands digit of 48808116?
0
What is the hundreds digit of 1268625264?
2
What is the hundred thousands digit of 85356824?
3
What is the hundreds digit of 11185727?
7
What is the tens digit of 78287963?
6
What is the hundred millions digit of 3638188013?
6
What is the ten millions digit of 35511131?
3
What is the ten millions digit of 381030962?
8
What is the millions digit of 280464673?
0
What is the millions digit of 62391395?
2
What is the units digit of 3055829100?
0
What is the thousands digit of 759867763?
7
What is the ten thousands digit of 1111653405?
5
What is the hundreds digit of 575810099?
0
What is the millions digit of 37114472?
7
What is the ten thousands digit of 8484094?
8
What is the hundreds digit of 84247509?
5
What is the millions digit of 3415593305?
5
What is the tens digit of 32359244?
4
What is the ten thousands digit of 149232496?
3
What is the hundred thousands digit of 907772921?
7
What is the thousands digit of 6007079387?
9
What is the hundred millions digit of 3744266097?
7
What is the units digit of 90490812?
2
What is the units digit of 16995403?
3
What is the thousands digit of 2158422306?
2
What is the thousands digit of 95226969?
6
What is the tens digit of 749180758?
5
What is the thousands digit of 25924685?
4
What is the tens digit of 17970377?
7
What is the thousands digit of 335952715?
2
What is the billions digit of 1372154806?
1
What is the millions digit of 13285486?
3
What is the millions digit of 1979720471?
9
What is the ten millions digit of 490372209?
9
What is the thousands digit of 66540757?
0
What is the tens digit of 54164146?
4
What is the units digit of 78751734?
4
What is the tens digit of 63996835?
3
What is the tens digit of 158585160?
6
What is the units digit of 307142744?
4
What is the hundred thousands digit of 337987618?
9
What is the hundred thousands digit of 1047539774?
5
What is the tens digit of 1440086473?
7
What is the thousands digit of 6105121?
5
What is the ten millions digit of 791135402?
9
What is the tens digit of 2442945812?
1
What is the tens digit of 79813952?
5
What is the ten thousands digit of 79982776?
8
What is the hundred millions digit of 400619181?
4
What is the billions digit of 4445470234?
4
What is the ten thousands digit of 470598698?
9
What is the ten thousands digit of 264447377?
4
What is the units digit of 40175499?
9
What is the ten thousands digit of 4559337994?
3
What is the millions digit of 46205719?
6
What is the ten millions digit of 66212757?
6
What is the hundreds digit of 9062362?
3
What is the millions digit of 20445040?
0
What is the thousands digit of 1940075341?
5
What is the units digit of 4124970544?
4
What is the hundred thousands digit of 2771237804?
2
What is the ten thousands digit of 4396648681?
4
What is the units digit of 202920058?
8
What is the ten millions digit of 54945492?
5
What is the ten millions digit of 115171796?
1
What is the billions digit of 1608457190?
1
What is the hundred thousands digit of 283308253?
3
What is the millions digit of 2605792139?
5
What is the hundreds digit of 110864766?
7
What is the hundreds digit of 39671500?
5
What is the hundred thousands digit of 1713488371?
4
What is the ten millions digit of 1763970199?
6
What is the hundreds digit of 955005982?
9
What is the millions digit of 1849176442?
9
What is the tens digit of 263546344?
4
What is the hundreds digit of 410538006?
0
What is the thousands digit of 254002585?
2
What is the units digit of 484142176?
6
What is the hundreds digit of 1031528484?
4
What is the units digit of 338284506?
6
What is the thousands digit of 199116833?
6
What is the millions digit of 5224830096?
4
What is the billions digit of 1304091651?
1
What is the hundreds digit of 337109554?
5
What is the hundred millions digit of 309158696?
3
What is the units digit of 95860762?
2
What is the thousands digit of 515439544?
9
What is the millions digit of 1311318933?
1
What is the billions digit of 7629035398?
7
What is the units digit of 1076255523?
3
What is the units digit of 68364989?
9
What is the hundreds digit of 464472582?
5
What is the ten thousands digit of 24061342?
6
What is the thousands digit of 1701648270?
8
What is the units digit of 468859386?
6
What is the tens digit of 850368040?
4
What is the hundred thousands digit of 30566237?
5
What is the ten millions digit of 2970606805?
7
What is the ten millions digit of 23827049?
2
What is the millions digit of 1428969578?
8
What is the thousands digit of 540268550?
8
What is the thousands digit of 253081080?
1
What is the millions digit of 457975209?
7
What is the hundreds digit of 1078640573?
5
What is the ten thousands digit of 558035724?
3
What is the ten thousands digit of 33446746?
4
What is the tens digit of 297801345?
4
What is the units digit of 33002462?
2
What is the tens digit of 276960283?
8
What is the ten millions digit of 46704526?
4
What is the hundreds digit of 561038327?
3
What is the units digit of 1041859880?
0
What is the thousands digit of 85040889?
0
What is the thousands digit of 443181205?
1
What is the billions digit of 1949815546?
1
What is the millions digit of 5738669?
5
What is the units digit of 842067226?
6
What is the ten millions digit of 1482176866?
8
What is the units digit of 679005966?
6
What is the millions digit of 1240510738?
0
What is the tens digit of 102641360?
6
What is the units digit of 151217018?
8
What is the millions digit of 63462649?
3
What is the hundred thousands digit of 761080092?
0
What is the ten millions digit of 401368678?
0
What is the tens digit of 3911835421?
2
What is the units digit of 2562636911?
1
What is the ten millions digit of 43978737?
4
What is the hundreds digit of 64684967?
9
What is the ten millions digit of 317495325?
1
What is the units digit of 26748668?
8
What is the thousands digit of 73747164?
7
What is the millions digit of 7769038034?
9
What is the billions digit of 1016139064?
1
What is the tens digit of 75055758?
5
What is the ten millions digit of 33993816?
3
What is the hundred thousands digit of 123639195?
6
What is the ten millions digit of 1281222935?
8
What is the hundred thousands digit of 261141589?
1
What is the units digit of 213151297?
7
What is the thousands digit of 768944507?
4
What is the thousands digit of 318919781?
9
What is the tens digit of 3817754519?
1
What is the hundreds digit of 17698951?
9
What is the hundred thousands digit of 77690037?
6
What is the hundred millions digit of 263524660?
2
What is the tens digit of 4829494?
9
What is the hundreds digit of 69183204?
2
What is the hundred thousands digit of 7800661?
8
What is the hundreds digit of 92563648?
6
What is the millions digit of 4352184393?
2
What is the ten millions digit of 1171959239?
7
What is the units digit of 454416810?
0
What is the tens digit of 3377338116?
1
What is the ten millions digit of 67881280?
6
What is the thousands digit of 1126248236?
8
What is the hundred thousands digit of 3885799135?
7
What is the ten millions digit of 21475505?
2
What is the tens digit of 193417560?
6
What is the hun